o(p) = -11*p**2 + 1 + 4*p**2 - 11*p**2 + p**2. Determine o(x).
-16
Let l(y) = y + 1. Let s be l(3). Let f(j) = j**2 + j - 1. Let w(m) = -3*m**2 - 10*m + 3. Let z(x) = s*f(x) + w(x). Suppose 0 = -2*k + 550 - 538. Give z(k).
-1
Let i(h) be the first derivative of h**5/20 + 5*h**4/12 - 7*h**3/6 - 4*h**2 + 12*h + 6. Let k(s) be the first derivative of i(s). What is k(-6)?
-2
Let h(j) = 4*j - 26. Let w be h(8). Let f(a) = a**2 + 4 + 0 - w*a - 2. Let s be 10/4*(-2)/(-1). Give f(s).
-3
Let w(p) be the third derivative of -p**5/20 + 2*p**2. Suppose -4*l = 2*l - 186. Let g = -29 + l. Give w(g).
-12
Suppose -y - 2*y - 9 = 0. Let r = -36 + 31. Let w(t) = -3*t**3 + 9*t**2 - 8*t - 1. Let a(n) = -2*n**3 + 5*n**2 - 4*n. Let b(z) = r*a(z) + 3*w(z). Give b(y).
0
Let z(s) = -2*s**3 + s. Suppose -m + 14 = m - r, -4*m + 30 = -3*r. Suppose 2*k + 3*q = -1, -3*k + 5*q = -2*k - m. Determine z(k).
-1
Let t(l) = -5*l + 21. Let f be t(4). Let w(n) = -n - 2*n + 0 + 2 - f - n**2. What is w(-3)?
1
Let x(t) = t**3 + 3*t**2 - 3*t - 4. Let c = 32 - 34. Let f be x(c). Let v(q) = -q**3 + 7*q**2 - 5*q - 3. Determine v(f).
3
Let p(g) = g - 3. Suppose -16*q = -17*q + 4. Suppose q*n - 16 = -0*n. Determine p(n).
1
Let n = 4 + -6. Let a be ((-2 - 0) + 0)*-1. Let r(q) = -1 + 3*q**a - q**2 + q**3 - 3*q**2 - 2*q. What is r(n)?
-9
Let t(j) be the first derivative of -j**3/3 - 130. Calculate t(-4).
-16
Let w(o) = 11*o + 19. Let u(h) = 7*h + 10. Let i(n) = 5*u(n) - 3*w(n). Suppose -c - 8*c = 0. Calculate i(c).
-7
Suppose 4*r - 15 = 9. Let w(j) = -r*j - 1 - 1 - 2 + 5*j. Give w(-4).
0
Suppose 3*a = -2*l + 8, a - 2 = l - 6. Let m(r) = -r**3 - r**2 + r - 9. Determine m(a).
-9
Let d(q) = 9 + 73*q**3 + 737*q**2 - 72*q**3 - 741*q**2 - 10*q. Determine d(6).
21
Let l(h) = h + 17. Let x = -14 - -14. What is l(x)?
17
Let t(k) = k**2 - 6*k + 5. Let w = -4 + 10. Let s be (66/(-4))/(w/12). Let p be (0 - -9)/(s/(-22)). Calculate t(p).
5
Let z(q) = 6*q + 44. Let j(h) = 5*h + 30. Let k(f) = 3*j(f) - 2*z(f). Calculate k(-3).
-7
Suppose -67*q + 70*q + 3*g - 24 = 0, 0 = -3*q + 4*g + 52. Let h(z) = -2*z - 10. Determine h(q).
-34
Suppose -5*w = 3*i - 4*i - 15, 23 = 4*w - 3*i. Suppose -3 = -5*k + w. Let f(r) = k - 5 + 5 - r + 0. Calculate f(4).
-3
Let v(p) = p + 0*p - 21 - 3*p - 2*p + 2*p. What is v(-14)?
7
Let d be 12/(-16) + 69/12. Let w(u) = 3 - 2 + d*u + 7 + u**3 + 6*u**2 - 2*u**3. Let z(k) = -k + 15. Let f be z(8). Calculate w(f).
-6
Suppose m - 20 = -10. Let h(n) = 12*n + 3 + m*n + 4*n**2 - 23*n. Let r(y) = 5*y**2 - y + 2. Let b(f) = 3*h(f) - 4*r(f). Determine b(-1).
-8
Let a(m) = 6*m**2 - 1. Let h be (-4 + 3/6)/(1/(-2)). Suppose 1 = -4*i - h. Calculate a(i).
23
Let l = -1552 + 1548. Let c(j) = 4*j + 17. Calculate c(l).
1
Let t(c) = c**2 + 6*c - 8. Suppose a + 3*g - 23 = -0*a, -5*g = 5*a - 65. Let r be (-54)/a - (-2)/(-8). Let b be (36/(-14))/(-3)*r. Calculate t(b).
-8
Let w = 1321 + -1316. Let l(a) = a**3 - 7*a**2 + 7*a + 6. Determine l(w).
-9
Let y(f) be the first derivative of f**3/3 - 7*f**2/2 + 14*f - 131. Calculate y(4).
2
Let o(j) = j**3 - j**2 + 3*j - 6. Let h(l) = l**2 - l + 1. Let y(q) = -5*q**2 + 6*q - 9. Let r(u) = -4*h(u) - y(u). Let a(f) = 4*o(f) + 5*r(f). Calculate a(-1).
-4
Let o(i) be the second derivative of -i**4/12 + 2*i**3/3 + i**2 + 37*i. Let b = 5 - 3. Suppose -3*m = b*m - 15. Calculate o(m).
5
Let z = -5 - -11. Let x(v) = 7*v**2 - 19*v + 3. Let p(l) = 10*l**2 - 28*l + 4. Let h(m) = -5*p(m) + 7*x(m). Determine h(z).
7
Let g(v) = -v**3 - 15*v**2 + 16*v + 6. Let k(w) = -5*w**3 - 75*w**2 + 80*w + 31. Let s(q) = 11*g(q) - 2*k(q). Give s(-16).
4
Let c(j) = 0*j**3 + 3 + j**3 - 31*j - 2*j**2 + 33*j - 1 - 3*j**3. Let r(v) = -v + 1. Let t be r(3). Calculate c(t).
6
Let h(s) = s**3 + 7*s**2 + 5*s + 2. Let z(p) = p**2 - 25*p + 14. Let f be z(25). Let r = 8 - f. What is h(r)?
8
Let l(w) = -3*w**2 - 2*w + 5. Let i be l(-3). Let k = i + 20. Let a(u) = -2*u - 4. Give a(k).
-12
Let s(h) be the second derivative of -2*h - 1/2*h**2 + 1/3*h**3 + 0. Let c be 2*1/(-4)*-6. Determine s(c).
5
Suppose 5*b = b + 2*o + 20, 30 = 5*b - 5*o. Let x(s) = s**2 - s. Let l(m) = 4*m**2 - 8*m - 1. Let y(f) = -l(f) + 3*x(f). Determine y(b).
5
Let q(y) = y**2 - 11*y - 8. Let i be q(12). Suppose a - 10 = -i*a, -a + 42 = -5*j. Let d(v) = -v - 14. Calculate d(j).
-6
Let n(g) be the second derivative of -g**4/12 + 2*g**3/3 + 4*g**2 - 171*g. Determine n(5).
3
Let x be 4/(-4)*1 - -5. Let t(a) = -a**2 + 2*a - 5. Give t(x).
-13
Let i(a) = a**2 - 6*a - 15. Let f be 5 + (11 - 8) + 0. Give i(f).
1
Let g(i) = -2*i**2 + 2*i - 1. Let s be g(2). Let k(n) = n**3 + 10*n. Let h(t) = 2*t**3 - t**2 + 21*t + 1. Let v(q) = -6*h(q) + 13*k(q). Give v(s).
-1
Suppose 5*y = -w + 6, w - 5*y + 22 = -2*w. Let u = -5 - w. Let i(s) = s - 1. Let j(f) = 2*f - 3. Let m(n) = -7*i(n) + 3*j(n). Determine m(u).
-1
Let t(o) be the second derivative of -3*o**3/2 - 278*o. Give t(-1).
9
Suppose 0 = 8*b + 5 + 19. Let u(f) = -f + 4. Let q be u(0). Let i(h) = -3*h - q*h**2 - h**3 + 2*h - 3 - h. Give i(b).
-6
Let m(u) = 3*u - 6. Let h(b) = b**2 + b - 8. Let p be h(3). What is m(p)?
6
Let n be (1 + -5)/2 - (-169)/13. Suppose -4*u + 54 = 14. Suppose l - u = -n. Let f(p) = -5*p**2 - p. What is f(l)?
-4
Let z(q) = 102*q - 309*q + 101*q + 1 + 104*q + 13*q**2. Give z(1).
12
Let l(y) = -2*y**3 + 3*y**2 - 19*y + 2. Let o(w) = 6*w**3 - 8*w**2 + 52*w - 6. Let d(b) = -11*l(b) - 4*o(b). What is d(-2)?
12
Let q(d) be the first derivative of -8/3*d**3 - 2*d + 5*d**2 + 1/4*d**4 + 6. What is q(7)?
19
Let s(c) = c**3 + c**2 + c - 2. Let b be 26/(-4) - 60/(-40). Let h be 0/(15/b)*(-2)/4. What is s(h)?
-2
Suppose -4*q = -4*y - 4, 7*y - 2*y - 3*q + 1 = 0. Let x be 0/(2 + -3) - -3. Let p(i) = -i**3 - 5*i - y + 4*i**2 + 0*i**x + 3. Determine p(3).
-4
Let z(r) = -r**3 + 5*r**2 + 7*r + 7. Let c be 14/8 - -1 - 78/104. Suppose -c = 2*p - 14. What is z(p)?
13
Let w(l) = -2*l + 15 - 2 - 18. Determine w(-3).
1
Let t(z) = -z**2 - 15*z + 7. Let h be t(-15). Let d(r) = 11 - r**3 + 5*r**2 - 25 - h*r + 19. Give d(4).
-7
Let b(x) be the third derivative of x**5/15 + x**4/12 - x**3/6 + 11*x**2. Let t be b(2). Let g(h) = 16*h - t*h + 6 - 2. Determine g(3).
-5
Let l(j) be the second derivative of -j**3/3 + 9*j**2/2 + j. Let m = -1266 - -1273. Give l(m).
-5
Let n(l) be the third derivative of 0*l - 16*l**2 + 2/3*l**3 + 1/8*l**4 + 0. Determine n(-5).
-11
Let u(f) = f**3 - 3*f**2 - 2*f - 4. Let x(l) = -164*l + 3. Let r be x(-1). Let a = -163 + r. Determine u(a).
4
Let h(n) be the second derivative of -n**3/6 - n**2/2 + 105*n. Let m(x) = -x**3 - 4*x**2 - 3*x - 4. Let o be m(-4). Let s = 13 - o. Give h(s).
-6
Let v(b) = 5*b**2 + 3*b + 1. Suppose -3*x - 29 = -t, -4*t = 2*x - 3*x - 61. Let h be (-4 - 1)*t/35. Calculate v(h).
15
Suppose -b = -5*b. Suppose -i = b, 3*i + i - 6 = -2*h. Suppose -h*c - 4*c + 7 = 0. Let y(u) = 4*u. What is y(c)?
4
Let j(p) = 0*p + 7 + 2*p - 10 - 3*p**2. Let g be ((-4)/3)/(2/(-6)). Suppose 9*y = g*y + 15, 5*y - 23 = -4*k. Determine j(k).
-11
Let j(y) = 5*y + 12. Let s(r) be the first derivative of -r**2/2 - r + 18. Let f(b) = j(b) + 6*s(b). Calculate f(11).
-5
Let p(b) = -b + 4. Let i be (1 + -2)*(1 + -4). Let s be p(i). Suppose 4*l = s + 3. Let x(a) = -5*a. Determine x(l).
-5
Let m(v) = 2 - 14 - 29*v**2 + 30*v**2 - 3*v. Let p be m(6). Let t(x) = -x**2 + 4*x + 7. Calculate t(p).
-5
Let x be (-30)/4*(0 + 2/(-3)). Suppose 2*z + 18 = -4*r, -x*r + 17 = 2*z + 39. Let i(u) = -u**3 - 2*u**2 + 6*u + 2. What is i(r)?
10
Suppose 5*t + h + 25 = 0, -h = 6 - 1. Suppose 0 = -2*p - 0*p + 8. Let b(z) = 2 + 0 - p*z - z**2 + 2*z. Calculate b(t).
-6
Let m(a) be the second derivative of -a**4/6 + a**3/3 + a**2/2 + 39*a + 2. Calculate m(2).
-3
Let g(k) = -4*k**3 - 14*k**2 + 15*k - 9. Let u(z) = z**3 + 2*z**2 - 2*z - 1. Let o(a) = g(a) + 3*u(a). Give o(-9).
-12
Suppose 2*k = -6*k + 32. Suppose -k*p + 5 = p. Let d(i) = -5*i**2. Let u(n) = 9*n**2. Let y(f) = -7*d(f) - 4*u(f). Calculate y(p).
-1
Suppose 0 = -21*m - 63 + 105. Let s(v) = v**2 - 3*v + 1. Determine s(m).
-1
Suppose -2*k - 1 = -3*x - 2*x, k = 2*x. Let v be -3 + -1 + 1 - k. Let b(s) = -s**2 - 6*s + 1. What is b(v)?
6
Suppose 14*o = 18*o + 3*g - 94, 2*o = 2*g + 54. Let a(i) = i**3 - 25*i**2 + 5. Calculate a(o).
5
Let m(f) = -f**2 - 5*f + 5. Let u